site number?
True
Is 194146 a prime number?
False
Is 35729 composite?
False
Is 16127 a composite number?
False
Is 610787 a composite number?
False
Is 79685 a prime number?
False
Is 94273 composite?
False
Is 29366 prime?
False
Is 143357 a composite number?
False
Is 18181 composite?
False
Is 41549 a prime number?
True
Is 7249 a composite number?
True
Is 291607 a prime number?
False
Is 505363 prime?
False
Is 6749 a composite number?
True
Is 21469 prime?
False
Is 126173 a prime number?
True
Is 1032583 prime?
True
Is 46127 a composite number?
True
Is 2437441 prime?
True
Is 3893 prime?
False
Is 13669 prime?
True
Is 368833 a prime number?
True
Is 59713 composite?
True
Is 570557 a composite number?
True
Is 251773 a prime number?
False
Is 418711 a prime number?
False
Is 2883431 a prime number?
True
Is 368729 composite?
False
Is 13811 composite?
True
Is 10109279 prime?
True
Is 238871 composite?
True
Is 70271 a composite number?
False
Is 15869 prime?
False
Is 133769 prime?
True
Is 14071 a composite number?
False
Is 5077 prime?
True
Is 233326 a prime number?
False
Is 2057953 a prime number?
True
Is 64871 a prime number?
True
Is 69371 a composite number?
False
Is 42587 composite?
True
Is 21557 prime?
True
Is 234197 composite?
False
Is 91769 prime?
False
Is 218 a composite number?
True
Is 34297 composite?
False
Is 57 composite?
True
Is 28261 prime?
False
Is 2922041 prime?
True
Is 156895 prime?
False
Is 25103 a prime number?
False
Is 616295 composite?
True
Is 2927 prime?
True
Is 6707 a prime number?
False
Is 251 a prime number?
True
Is 61133 a composite number?
True
Is 924157 a composite number?
True
Is 24019 a prime number?
True
Is 19661 composite?
False
Is 553 a composite number?
True
Is 49559 a prime number?
True
Is 175573 a prime number?
True
Is 18923 prime?
False
Is 413783 prime?
True
Is 1332119 prime?
True
Is 5255 composite?
True
Is 77117 a composite number?
True
Is 2939 prime?
True
Is 434459 a prime number?
True
Is 1081771 a prime number?
True
Is 47777 a prime number?
True
Is 59327 a composite number?
True
Is 29083 a prime number?
False
Is 500001 prime?
False
Is 56053 a composite number?
False
Is 2921 a prime number?
False
Is 1116001 prime?
True
Is 159089 prime?
False
Is 15053 a composite number?
False
Is 7361 a composite number?
True
Is 282343 a prime number?
False
Is 10249 a composite number?
True
Is 18439 a composite number?
False
Is 54181 a prime number?
True
Is 60353 a prime number?
True
Is 19571 a composite number?
False
Is 11597 a composite number?
False
Is 21921 a prime number?
False
Is 35221 a composite number?
False
Is 626089 a prime number?
False
Is 206627 a prime number?
True
Is 3583937 prime?
False
Is 261151 a composite number?
True
Is 422827 prime?
True
Is 212066 a prime number?
False
Is 6371 prime?
False
Is 48497 a prime number?
True
Is 7393 a prime number?
True
Is 27829 prime?
False
Is 283861 composite?
False
Is 208721 composite?
False
Is 1654267 a composite number?
False
Is 172709 a composite number?
False
Is 70869 composite?
True
Is 244234 a prime number?
False
Is 1873507 a composite number?
False
Is 5981 composite?
False
Is 261137 a composite number?
True
Is 19801 prime?
True
Is 15349 a prime number?
True
Is 3292087 a composite number?
False
Is 66077 a composite number?
True
Is 163906 composite?
True
Is 16493 a prime number?
True
Is 30713 a prime number?
True
Is 833743 prime?
False
Is 392803 prime?
True
Is 252817 composite?
False
Is 233113 composite?
False
Is 409099 a prime number?
True
Is 1265171 prime?
False
Is 204749 a composite number?
False
Is 1624277 composite?
False
Is 720677 a composite number?
False
Is 3017 a composite number?
True
Is 31013 a prime number?
True
Is 10007 prime?
True
Is 64157 a composite number?
False
Is 331373 a composite number?
True
Is 598265 prime?
False
Is 34361 composite?
False
Is 5623 a prime number?
True
Is 2293 a composite number?
False
Is 1152149 a prime number?
True
Is 4675409 a composite number?
True
Is 6317 prime?
True
Is 31987 composite?
True
Is 776413 a prime number?
False
Is 44951 a prime number?
False
Is 3596959 a composite number?
False
Is 46219 prime?
True
Is 14489 a composite number?
False
Is 29447 a composite number?
True
Is 4387 prime?
False
Is 156173 composite?
True
Is 46021 composite?
False
Is 1012619 a prime number?
True
Is 21662 a composite number?
True
Is 45119 a composite number?
False
Is 26747 composite?
True
Is 57569 a composite number?
True
Is 2111 prime?
True
Is 4337 prime?
True
Is 83177 composite?
False
Is 53114 a prime number?
False
Is 137909 a composite number?
False
Is 4919 composite?
False
Is 755033 composite?
False
Is 93406 a prime number?
False
Is 475663 composite?
True
Is 467 composite?
False
Is 549559 prime?
False
Is 159097 a prime number?
True
Is 726287 a prime number?
True
Is 5878 prime?
False
Is 128633 a prime number?
False
Is 237563 a composite number?
False
Is 1839 a prime number?
False
Is 58895 a composite number?
True
Is 18509 a prime number?
False
Is 195629 prime?
False
Is 427123 prime?
False
Is 146999 prime?
False
Is 347929 a prime number?
True
Is 157307 composite?
False
Is 2481 a composite number?
True
Is 254141 composite?
False
Is 156029 prime?
False
Is 231169 a prime number?
True
Is 42847 composite?
True
Is 94519 a composite number?
True
Is 2070091 prime?
True
Is 5273 a prime number?
True
Is 89189 composite?
False
Is 56549 a composite number?
True
Is 1633403 a prime number?
True
Is 514357 prime?
True
Is 317411 composite?
False
Is 592077 a composite number?
True
Is 38239 a composite number?
False
Is 6899 a prime number?
True
Is 14029 a prime number?
True
Is 1622993 composite?
True
Is 623 a prime number?
False
Is 166079 prime?
False
Is 2333 a prime number?
True
Is 254749 a prime number?
False
Is 1901 prime?
True
Is 259907 prime?
True
Is 191 prime?
True
Is 73339 a prime number?
False
Is 170801 prime?
True
Is 7507 prime?
True
Is 130673 prime?
False
Is 10297 prime?
False
Is 791569 prime?
True
Is 8179 composite?
False
Is 3891565 prime?
False
Is 2591119 a prime number?
True
Is 79687 composite?
False
Is 3127 a prime number?
False
Is 7867 a prime number?
True
Is 63445 composite?
True
Is 124403 composite?
True
Is 36029 a prime number?
False
Is 25717 composite?
False
Is 1087 a composite number?
False
Is 38823 a composite number?
True
Is 105379 a prime number?
True
Is 36581 a prime number?
False
Is 564897 prime?
False
Is 7609 composite?
True
Is 42557 a prime number?
True
Is 317 a composite number?
False
Is 419 a prime number?
True
Is 110221 prime?
True
Is 1267451 composite?
False
Is 103769 a composite number?
False
Is 1712707 prime?
True
Is 188107 a prime number?
True
Is 63191 a prime number?
False
Is 7934 a prime number?
False
Is 1255 prime?
False
Is 9793 composite?
True
Is 69457 a prime number?
True
Is 33841 a composite number?
True
Is 47413 composite?
True
Is 4591 composite?
False
Is 136457 a composite number?
True
Is 45777 prime?
False
Is 2497 composite?
True
Is 234053 a prime number?
False
Is 35521 a prime number?
True
Is 80761 a prime number?
True
Is 3545 composite?
True
Is 131201 prime?
False
Is 633161 prime?
True
Is 594857 a prime number?
True
Is 25503 composite?
True
Is 6521 a composite number?
False
Is 6583 composite?
True
Is 473267 a composite number?
True
Is 1443239 composite?
True
Is 9521 a composite number?
False
Is 179161 a composite number?
False
Is 333561 prime?
False
Is 130699 a prime number?
True
Is 3601 prime?
False
Is 149827 prime?
True
Is 1046047 prime?
True
Is 58129 a composite number?
False
Is 7907 composite?
False
Is 307379 composite?
True
Is 2459 a composite number?
False
Is 301649 prime?
True
Is 39469 a prime number?
False
Is 172793 composite?
True
Is 101831 composite?
True
Is 262387 prime?
True
Is 146407 a prime number?
True
Is 743357 composite?
True
Is 8039 a prime number?
True
Is 411 composite?
True
Is 1057421 a composite number?
False
Is 873109 a composite number?
False
Is 53203 a prime number?
False
Is 170263 composite?
False
Is 66227 composite?
True
Is 38023 prime?
False
Is 253033 composite?
True
Is 3599 prime?
False
Is 31877 prime?
False
Is 35963 composite?
False
Is 4468421 composite?
False
Is 2483 a prime number?
False
Is 3163 a composite number?
False
Is 238981 a composite number?
True
Is 586081 prime?
False
Is 28789 a prime num